 - 2575. Give r(6).
-43
Let f(t) = 130*t + 9982. Calculate f(-78).
-158
Let u(l) = l**2 + 173*l + 6155. What is u(-124)?
79
Let f(w) = 160*w**2 - 7994*w - 344. Determine f(50).
-44
Let h(k) = 2*k**2 + 115*k - 3247. What is h(20)?
-147
Let m(s) = 1423*s + 13479. Calculate m(-9).
672
Let c(x) = 2*x**2 + 238*x - 34116. Determine c(84).
-12
Let k(u) = 12852*u + 244056. Give k(-19).
-132
Let t(y) = 25410*y - 1854829. Calculate t(73).
101
Let u(c) = -44*c**2 - 1060*c - 935. Calculate u(-23).
169
Let l(b) = 3*b**2 + 1403*b - 90211. Calculate l(-525).
89
Let j(i) = 229*i**2 - 17173*i - 121. Determine j(75).
29
Let l(r) = -89*r**2 + 1021*r + 570. Give l(12).
6
Let x(j) = 6*j**2 + 6*j + 67. Calculate x(-12).
859
Let b(w) = -w**3 - 21*w**2 + 9*w + 183. Determine b(-23).
1034
Let s(r) = -17*r**2 - 19*r + 53. What is s(4)?
-295
Let t(k) = -5*k**2 + 3986*k - 11907. Give t(3).
6
Let l(q) = -1701*q - 81725. Determine l(-48).
-77
Let d(m) = 5465*m + 295115. What is d(-54)?
5
Let y(s) = s**3 - 44*s**2 + 443*s - 94. Give y(32).
1794
Let h(f) = -2*f**3 - 122*f**2 + 980*f - 19520. Determine h(-70).
80
Let g(w) = -44*w**3 - 706*w**2 + 5*w - 24. Give g(-16).
-616
Let a(f) = -f**2 + 32089*f - 2911820. Calculate a(91).
-2
Let a(g) = -4629*g - 14316. What is a(-3)?
-429
Let g(c) = 3*c**2 - 734*c + 22393. Determine g(210).
553
Let x(i) = -i**2 + 719*i - 89868. Calculate x(160).
-428
Let b(q) = 2*q**3 + 469*q**2 - 1877*q + 16. Give b(4).
140
Let i(f) = -65764*f + 1117977. Determine i(17).
-11
Let q(o) = -1260*o + 61182. Calculate q(45).
4482
Let i(n) = -n**2 + 214*n - 9672. What is i(66)?
96
Let r(m) = -103*m + 1181. Determine r(5).
666
Let m(r) = 4*r**2 - 1246*r - 29. Calculate m(0).
-29
Let a(y) = 17487*y + 262324. What is a(-15)?
19
Let d(q) = 8236*q - 17487. Give d(2).
-1015
Let r(z) = -z**3 - 35*z**2 + 1233*z + 2485. Give r(-56).
-707
Let h(o) = -o**2 + 2257*o + 141400. Calculate h(-61).
2
Let x(v) = 4*v**2 - 1984*v + 245955. Give x(244).
3
Let o(b) = 24*b**2 - 8395*b + 16. Give o(0).
16
Let p(a) = a**2 + 248*a + 6827. Calculate p(-230).
2687
Let g(w) = 274*w + 15928. Calculate g(-58).
36
Let q(n) = 128*n + 4646. Determine q(-30).
806
Let j(l) = 65*l**2 - 421*l - 6. Calculate j(6).
-192
Let p(f) = -921*f + 125331. Determine p(136).
75
Let r(t) = -80*t - 128. Determine r(1).
-208
Let m(p) = p**3 + 160*p**2 - 644*p - 127672. Determine m(-159).
5
Let v(c) = 235334*c + 9648699. Determine v(-41).
5
Let h(a) = -54343*a + 54767. Determine h(1).
424
Let d(s) = -s**2 - 660*s + 16807. Give d(25).
-318
Let t(q) = -61*q + 10336. Calculate t(170).
-34
Let x(z) = 4*z**3 + 1376*z**2 - 1303*z + 26557. Calculate x(-345).
-8
Let t(b) = -1959*b + 460337. Calculate t(235).
-28
Let g(k) = -k**3 + 255*k**2 - 1242*k - 2221. What is g(250)?
-221
Let h(n) = -1207*n - 189486. Give h(-157).
13
Let n(m) = 820*m - 8123. Calculate n(10).
77
Let f(o) = 2*o**3 - 45*o**2 + 87*o - 83. Calculate f(18).
-1433
Let o(r) = -13*r**2 - 1201*r - 8805. What is o(-8)?
-29
Let t(g) = 1141*g**2 + 3821*g + 4. Calculate t(-3).
-1190
Let t(s) = 47*s - 7795. Give t(169).
148
Let k(x) = -90*x**2 + 1064*x + 1064. Give k(-1).
-90
Let b(n) = 1745*n + 17838. Determine b(-9).
2133
Let q(x) = 3*x**2 + 7757*x + 130970. What is q(-17)?
-32
Let g(z) = -66*z + 1932. Determine g(35).
-378
Let q(w) = -7*w**2 - 140*w + 22034. Calculate q(47).
-9
Let h(v) = 50044*v - 149727. Give h(3).
405
Let h(g) = -11*g**2 - 77288*g + 154629. Determine h(2).
9
Let h(k) = 8*k**3 + 1239*k**2 - 143*k + 1861. Determine h(-155).
1
Let a(p) = -16*p**2 - 55*p - 15. Determine a(-8).
-599
Let f(q) = -q**2 + 364*q - 12611. What is f(32)?
-1987
Let y(a) = -5*a**2 - 305*a + 4478. Give y(-63).
3848
Let i(o) = -4*o**3 + 79*o**2 - 10410*o + 208597. Calculate i(20).
-3
Let s(v) = 1133*v + 13225. Give s(-12).
-371
Let o(j) = 2*j**2 + 1208*j - 39692. Give o(31).
-322
Let h(i) = -4453*i + 534343. Determine h(120).
-17
Let l(o) = 1137*o**2 - 42079*o + 360. Calculate l(37).
-10
Let l(w) = -2*w**3 - 8*w**2 - 1034*w + 8084. Determine l(8).
-1724
Let w(k) = -5549*k**3 - 145*k**2 + 3*k. Give w(1).
-5691
Let n(x) = -303*x + 2966. What is n(5)?
1451
Let n(v) = -17*v**2 + 1556*v - 63. Calculate n(93).
-2388
Let l(h) = -6*h**2 - 218*h + 3002. Give l(11).
-122
Let q(t) = 966*t - 15676. What is q(17)?
746
Let s(u) = 16*u**3 + 1119*u**2 - 72*u + 374. Give s(-70).
514
Let f(r) = -r**3 + 492*r**2 + 2981*r - 14. What is f(-6)?
28
Let o(h) = -h**3 + 28*h**2 - 60*h - 92. What is o(24)?
772
Let n(x) = 751*x + 44382. Give n(-59).
73
Let g(i) = 444623*i + 105375656. Calculate g(-237).
5
Let p(o) = -o**3 - 178*o**2 + 2069*o - 1962. Determine p(-189).
-72
Let r(j) = 23*j**2 - 381*j - 1941. What is r(-5)?
539
Let b(v) = -v**3 - 31*v**2 - 146*v - 74. Give b(-26).
342
Let m(c) = 15*c**2 - 100*c + 1100. Determine m(9).
1415
Let g(v) = -677*v**2 + 164*v - 343. Calculate g(2).
-2723
Let l(t) = -334272*t - 2339901. What is l(-7)?
3
Let t(n) = -161567*n - 5493278. What is t(-34)?
0
Let g(v) = -21*v**3 - 68*v**2 + 5*v + 34. Give g(-3).
-26
Let s(q) = -q**3 + 168*q**2 + 47701*q - 970. What is s(318)?
-652
Let l(k) = -332*k + 2835. What is l(14)?
-1813
Let f(h) = 73917*h + 813054. Determine f(-11).
-33
Let d(l) = 10*l**2 + 66*l - 59. Calculate d(4).
365
Let o(q) = 313*q + 28541. Determine o(-87).
1310
Let y(o) = -2320*o + 619415. What is y(267)?
-25
Let y(k) = 260498*k + 260493. What is y(-1)?
-5
Let x(f) = -f**3 - 72*f**2 + 174*f + 256. What is x(-74)?
-1668
Let y(k) = -k**3 + 215*k**2 + 2474*k + 2742. Determine y(226).
30
Let r(n) = 143*n**2 - 10143*n + 125. What is r(71)?
835
Let f(q) = q**3 - 91*q**2 + 763*q + 24. Give f(10).
-446
Let o(u) = -u**2 + 6084*u - 18247. Determine o(3).
-4
Let t(x) = -349*x**2 - 223702*x + 4481. Calculate t(-641).
-6
Let f(k) = -2*k**2 - 318*k + 55429. What is f(105)?
-11
Let b(h) = -50*h**2 - 189*h - 209. Calculate b(-9).
-2558
Let c(h) = -3*h**3 - 780*h**2 + 1569*h - 775. Determine c(-262).
11
Let q(b) = b**3 + 21*b**2 + 1059*b - 15533. Give q(11).
-12
Let a(n) = n**3 + 295*n**2 - 1186*n + 2974. What is a(-299)?
-16
Let n(j) = 203*j - 9936. Calculate n(50).
214
Let u(l) = 3*l**2 + 528*l - 13010. What is u(-198)?
58
Let b(a) = -315*a**2 + 64*a + 55. What is b(-1)?
-324
Let m(h) = -h**3 - 322*h**2 + 1652*h + 5412. What is m(-327)?
-147
Let c(x) = -x**2 + 127*x + 38006. What is c(-138)?
1436
Let c(o) = 8*o**3 + 5*o**2 - 25*o - 65. Give c(-5).
-815
Let x(r) = 6*r**2 - 419*r + 3506. Determine x(9).
221
Let d(c) = -27*c**2 + 336*c + 6. Determine d(-4).
-1770
Let c(p) = 7*p**2 - 1371*p + 11606. Give c(187).
12
Let r(p) = -2306*p - 156809. Determine r(-68).
-1
Let m(x) = 2*x**3 - 120*x**2 - 996*x + 13461. Calculate m(66).
-3
Let s(o) = -237*o**3 + 59488*o**2 - 249*o - 489. Calculate s(251).
13
Let c(h) = 1065*h - 52189. Give c(49).
-4
Let x(y) = y**2 + 139193*y - 1252808. Give x(9).
10
Let u(c) = 7621*c + 121911. Calculate u(-16).
-25
Let w(x) = -2*x**2 - 33535*x + 873282. Give w(26).
20
Let g(o) = -256406*o + 4615305. Calculate g(18).
-3
Let h(q) = -9751*q + 585032. Determine h(60).
-28
Let q(g) = 10*g**2 + 2922*g + 51932. Calculate q(-19).
24
Let h(x) = 4409*x - 26472. Give h(6).
-18
Let y(w) = -1168*w**2 + 33880*w - 228. Calculate y(29).
4
Let g(v) = 4*v**3 - 1011*v**2 - 116*v - 33998. Determine g(253).
663
Let x(u) = 21*u**2 - 30*u + 27. What is x(5)?
402
Let z(i) = 128*i**2 - 609*i - 609. What is z(-1)?
128
Let v(u) = -u**3 + 304*u**2 + 1910*u - 15321. Determine v(310).
179
Let d(m) = -m**3 - 51*m**2 - 97*m + 573. Determine d(-49).
524
Let h(r) = -233*r**2 + 464*r + 3. Determine h(2).
-1
Let v(t) = -t**3 + 9*t**2 + 1561*t + 35093. What is v(52)?
-7
Let a(g) = -461*g**2 - 4098*g + 462. What is a(-9)?
3
Let t(q) = q**2 - 697*q - 27127. Determine t(-37).
31
Let t(j) = 1868*j - 18727. What is t(10)?
-47
Let b(r) = 2*r**3 - 8*r**2 - 6*r - 4891. Calculate b(15).
-31
Let t(u) = -72275*u - 72254. Give t(-1).
21
Let m(u) = -17*u**2 - 45*u + 8. Determine m(-2).
30
Let h(f) = -f**3 + 41*f**2 + 341*f + 19. Calculate h(48).
259
Let d(b) = -2*b**3 - 8*b**2 - 467*b - 908. Determine d(-2).
10
Let d(g) = -g**3 - 128*g**2 + 407*g + 35267. Give d(-129).
-595
Let f(s) = 33*s**2 + 10*s - 8. Give f(1).
35
Let n(h) = -9*h**3 - 475*h**2 + 592*h - 74. Determine n(-54).
34
Let o(t) = 8